[Thu Dec 13 17:58:41.997625 2018] [proxy_hcheck:debug] [pid 21288:tid 764] mod_proxy_hcheck.c(829): AH03256: Threaded Health checking http://localhost:8889
[Thu Dec 13 17:58:41.997625 2018] [proxy:debug] [pid 21288:tid 764] proxy_util.c(2313): AH00942: HCOH: has acquired connection for (localhost)
[Thu Dec 13 17:58:41.997625 2018] [proxy:trace2] [pid 21288:tid 756] proxy_util.c(3010): HCOH: fam 2 socket created to connect to localhost
[Thu Dec 13 17:58:41.997625 2018] [proxy:debug] [pid 21288:tid 756] proxy_util.c(3042): AH02824: HCOH: connection established with 127.0.0.1:8012 (localhost)
[Thu Dec 13 17:58:41.997625 2018] [proxy:debug] [pid 21288:tid 756] proxy_util.c(3212): AH00962: HCOH: connection complete to 127.0.0.1:8012 (localhost)
[Thu Dec 13 17:58:41.997625 2018] [proxy:trace2] [pid 21288:tid 736] proxy_util.c(3010): HCOH: fam 2 socket created to connect to localhost
[Thu Dec 13 17:58:41.998624 2018] [proxy_hcheck:debug] [pid 21288:tid 752] mod_proxy_hcheck.c(644): AH03254: HTTP/1.1 404 Not Found
[Thu Dec 13 17:58:41.998624 2018] [proxy:trace2] [pid 21288:tid 768] proxy_util.c(3010): HCOH: fam 2 socket created to connect to localhost
[Thu Dec 13 17:58:41.998624 2018] [proxy_hcheck:trace2] [pid 21288:tid 752] mod_proxy_hcheck.c(797): Condition ok1234 for 6af326970 (http://localhost:8627): passed
[Thu Dec 13 17:58:41.998624 2018] [proxy:debug] [pid 21288:tid 752] proxy_util.c(2328): AH00943: HCOH: has released connection for (localhost)
[Thu Dec 13 17:58:41.998624 2018] [proxy:debug] [pid 21288:tid 736] proxy_util.c(3042): AH02824: HCOH: connection established with 127.0.0.1:8430 (localhost)
[Thu Dec 13 17:58:41.998624 2018] [proxy:debug] [pid 21288:tid 736] proxy_util.c(3212): AH00962: HCOH: connection complete to 127.0.0.1:8430 (localhost)
[Thu Dec 13 17:58:41.998624 2018] [proxy:trace2] [pid 21288:tid 744] proxy_util.c(3010): HCOH: fam 2 socket created to connect to localhost
[Thu Dec 13 17:58:41.998624 2018] [proxy:debug] [pid 21288:tid 768] proxy_util.c(3042): AH02824: HCOH: connection established with 127.0.0.1:8086 (localhost)
[Thu Dec 13 17:58:41.998624 2018] [proxy_hcheck:debug] [pid 21288:tid 752] mod_proxy_hcheck.c(573): AH03251: Health check GET Status (0) for 6af326970.
[Thu Dec 13 17:58:41.998624 2018] [proxy_hcheck:debug] [pid 21288:tid 752] mod_proxy_hcheck.c(829): AH03256: Threaded Health checking http://localhost:8843
[Thu Dec 13 17:58:41.998624 2018] [proxy:debug] [pid 21288:tid 744] proxy_util.c(3042): AH02824: HCOH: connection established with 127.0.0.1:8525 (localhost)
[Thu Dec 13 17:58:41.998624 2018] [proxy:debug] [pid 21288:tid 768] proxy_util.c(3212): AH00962: HCOH: connection complete to 127.0.0.1:8086 (localhost)
[Thu Dec 13 17:58:41.998624 2018] [proxy:debug] [pid 21288:tid 744] proxy_util.c(3212): AH00962: HCOH: connection complete to 127.0.0.1:8525 (localhost)
[Thu Dec 13 17:58:41.998624 2018] [proxy:debug] [pid 21288:tid 752] proxy_util.c(2313): AH00942: HCOH: has acquired connection for (localhost)
[Thu Dec 13 17:58:41.998624 2018] [proxy:trace2] [pid 21288:tid 996] proxy_util.c(3010): HCOH: fam 2 socket created to connect to localhost
[Thu Dec 13 17:58:41.998624 2018] [proxy:trace2] [pid 21288:tid 764] proxy_util.c(3010): HCOH: fam 2 socket created to connect to localhost
[Thu Dec 13 17:58:41.998624 2018] [proxy_hcheck:debug] [pid 21288:tid 756] mod_proxy_hcheck.c(644): AH03254: HTTP/1.1 404 Not Found
[Thu Dec 13 17:58:41.998624 2018] [proxy_hcheck:trace2] [pid 21288:tid 756] mod_proxy_hcheck.c(797): Condition ok1234 for 6af3262a0 (http://localhost:8012): passed
[Thu Dec 13 17:58:41.998624 2018] [proxy:debug] [pid 21288:tid 756] proxy_util.c(2328): AH00943: HCOH: has released connection for (localhost)
[Thu Dec 13 17:58:41.998624 2018] [proxy_hcheck:debug] [pid 21288:tid 760] mod_proxy_hcheck.c(644): AH03254: HTTP/1.1 200 OK
[Thu Dec 13 17:58:41.998624 2018] [proxy_hcheck:debug] [pid 21288:tid 756] mod_proxy_hcheck.c(573): AH03251: Health check GET Status (0) for 6af3262a0.
[Thu Dec 13 17:58:41.998624 2018] [proxy_hcheck:debug] [pid 21288:tid 756] mod_proxy_hcheck.c(829): AH03256: Threaded Health checking http://localhost:8889
[Thu Dec 13 17:58:41.998624 2018] [proxy:debug] [pid 21288:tid 756] proxy_util.c(2313): AH00942: HCOH: has acquired connection for (localhost)
[Thu Dec 13 17:58:41.998624 2018] [proxy_hcheck:trace2] [pid 21288:tid 760] mod_proxy_hcheck.c(797): Condition ok1234 for 6af2eb610 (http://localhost): passed
[Thu Dec 13 17:58:41.998624 2018] [proxy:debug] [pid 21288:tid 760] proxy_util.c(2328): AH00943: HCOH: has released connection for (localhost)
[Thu Dec 13 17:58:41.998624 2018] [proxy:debug] [pid 21288:tid 764] proxy_util.c(3042): AH02824: HCOH: connection established with 127.0.0.1:8889 (localhost)
[Thu Dec 13 17:58:41.998624 2018] [proxy_hcheck:debug] [pid 21288:tid 760] mod_proxy_hcheck.c(573): AH03251: Health check GET Status (0) for 6af2eb610.
[Thu Dec 13 17:58:41.998624 2018] [proxy:debug] [pid 21288:tid 764] proxy_util.c(3212): AH00962: HCOH: connection complete to 127.0.0.1:8889 (localhost)
[Thu Dec 13 17:58:41.998624 2018] [proxy:trace2] [pid 21288:tid 8208] mod_proxy.c(680): [client 127.0.0.1:53646] AH03461: attempting to match URI path '/favicon.ico' against pattern '/favicon.ico$' for proxying
[Thu Dec 13 17:58:41.998624 2018] [:debug] [pid 21288:tid 9004] mod_log_rotate.c(175): New: 4276764672, old: 4276764672
[Thu Dec 13 17:58:41.998624 2018] [proxy_hcheck:debug] [pid 21288:tid 760] mod_proxy_hcheck.c(829): AH03256: Threaded Health checking http://localhost
[Thu Dec 13 17:58:41.998624 2018] [proxy:debug] [pid 21288:tid 760] proxy_util.c(2313): AH00942: HCOH: has acquired connection for (localhost)
[Thu Dec 13 17:58:41.998624 2018] [proxy_hcheck:debug] [pid 21288:tid 768] mod_proxy_hcheck.c(644): AH03254: HTTP/1.1 404 Not Found
[Thu Dec 13 17:58:41.998624 2018] [proxy_hcheck:debug] [pid 21288:tid 736] mod_proxy_hcheck.c(644): AH03254: HTTP/1.1 404 Not Found
[Thu Dec 13 17:58:41.999625 2018] [proxy:trace2] [pid 21288:tid 752] proxy_util.c(3010): HCOH: fam 2 socket created to connect to localhost
[Thu Dec 13 17:58:41.999625 2018] [proxy_hcheck:trace2] [pid 21288:tid 736] mod_proxy_hcheck.c(797): Condition ok1234 for 6af327040 (http://localhost:8430): passed
[Thu Dec 13 17:58:41.999625 2018] [proxy:debug] [pid 21288:tid 736] proxy_util.c(2328): AH00943: HCOH: has released connection for (localhost)
[Thu Dec 13 17:58:41.998624 2018] [proxy:debug] [pid 21288:tid 996] proxy_util.c(3042): AH02824: HCOH: connection established with 127.0.0.1:8128 (localhost)
[Thu Dec 13 17:58:41.999625 2018] [proxy_hcheck:debug] [pid 21288:tid 736] mod_proxy_hcheck.c(573): AH03251: Health check GET Status (0) for 6af327040.
[Thu Dec 13 17:58:41.999625 2018] [proxy_hcheck:trace2] [pid 21288:tid 768] mod_proxy_hcheck.c(797): Condition ok1234 for 6af327748 (http://localhost:8086): passed
[Thu Dec 13 17:58:41.999625 2018] [proxy:debug] [pid 21288:tid 996] proxy_util.c(3212): AH00962: HCOH: connection complete to 127.0.0.1:8128 (localhost)
[Thu Dec 13 17:58:41.998624 2018] [proxy:trace1] [pid 21288:tid 8208] mod_proxy.c(688): [client 127.0.0.1:53646] AH03462: proxying is explicitly disabled for URI path '/favicon.ico'; declining
[Thu Dec 13 17:58:41.999625 2018] [proxy:debug] [pid 21288:tid 752] proxy_util.c(3042): AH02824: HCOH: connection established with 127.0.0.1:8843 (localhost)
[Thu Dec 13 17:58:41.999625 2018] [proxy:trace2] [pid 21288:tid 756] proxy_util.c(3010): HCOH: fam 2 socket created to connect to localhost
[Thu Dec 13 17:58:41.999625 2018] [proxy_hcheck:debug] [pid 21288:tid 764] mod_proxy_hcheck.c(644): AH03254: HTTP/1.1 404 Not Found
[Thu Dec 13 17:58:41.999625 2018] [proxy:debug] [pid 21288:tid 752] proxy_util.c(3212): AH00962: HCOH: connection complete to 127.0.0.1:8843 (localhost)
[Thu Dec 13 17:58:41.999625 2018] [proxy_hcheck:debug] [pid 21288:tid 736] mod_proxy_hcheck.c(829): AH03256: Threaded Health checking http://localhost:8826/relationship-service-war
[Thu Dec 13 17:58:41.999625 2018] [proxy:debug] [pid 21288:tid 736] proxy_util.c(2313): AH00942: HCOH: has acquired connection for (localhost)
[Thu Dec 13 17:58:41.999625 2018] [proxy:debug] [pid 21288:tid 768] proxy_util.c(2328): AH00943: HCOH: has released connection for (localhost)
[Thu Dec 13 17:58:41.999625 2018] [proxy:debug] [pid 21288:tid 756] proxy_util.c(3042): AH02824: HCOH: connection established with 127.0.0.1:8889 (localhost)
[Thu Dec 13 17:58:41.999625 2018] [proxy_hcheck:debug] [pid 21288:tid 744] mod_proxy_hcheck.c(644): AH03254: HTTP/1.1 404 Not Found
[Thu Dec 13 17:58:41.999625 2018] [proxy:debug] [pid 21288:tid 756] proxy_util.c(3212): AH00962: HCOH: connection complete to 127.0.0.1:8889 (localhost)
[Thu Dec 13 17:58:41.999625 2018] [proxy_hcheck:trace2] [pid 21288:tid 764] mod_proxy_hcheck.c(797): Condition ok1234 for 6af3239b0 (http://localhost:8889): passed
[Thu Dec 13 17:58:41.999625 2018] [proxy:debug] [pid 21288:tid 764] proxy_util.c(2328): AH00943: HCOH: has released connection for (localhost)
[Thu Dec 13 17:58:41.999625 2018] [proxy_hcheck:debug] [pid 21288:tid 768] mod_proxy_hcheck.c(573): AH03251: Health check GET Status (0) for 6af327748.
[Thu Dec 13 17:58:41.999625 2018] [proxy_hcheck:debug] [pid 21288:tid 768] mod_proxy_hcheck.c(829): AH03256: Threaded Health checking http://localhost:8012
[Thu Dec 13 17:58:41.999625 2018] [proxy:debug] [pid 21288:tid 768] proxy_util.c(2313): AH00942: HCOH: has acquired connection for (localhost)
[Thu Dec 13 17:58:41.999625 2018] [proxy_hcheck:debug] [pid 21288:tid 764] mod_proxy_hcheck.c(573): AH03251: Health check GET Status (0) for 6af3239b0.
[Thu Dec 13 17:58:41.999625 2018] [proxy_hcheck:debug] [pid 21288:tid 764] mod_proxy_hcheck.c(829): AH03256: Threaded Health checking http://localhost:8627
[Thu Dec 13 17:58:41.999625 2018] [proxy:trace2] [pid 21288:tid 760] proxy_util.c(3010): HCOH: fam 2 socket created to connect to localhost
[Thu Dec 13 17:58:41.999625 2018] [proxy_hcheck:debug] [pid 21288:tid 996] mod_proxy_hcheck.c(644): AH03254: HTTP/1.1 404 Not Found
[Thu Dec 13 17:58:41.999625 2018] [proxy_hcheck:trace2] [pid 21288:tid 996] mod_proxy_hcheck.c(797): Condition ok1234 for 6af328ba0 (http://localhost:8128): passed
[Thu Dec 13 17:58:41.999625 2018] [proxy:debug] [pid 21288:tid 996] proxy_util.c(2328): AH00943: HCOH: has released connection for (localhost)
[Thu Dec 13 17:58:41.999625 2018] [proxy_hcheck:trace2] [pid 21288:tid 744] mod_proxy_hcheck.c(797): Condition ok1234 for 6af3284d0 (http://localhost:8525): passed
[Thu Dec 13 17:58:41.999625 2018] [proxy_hcheck:debug] [pid 21288:tid 996] mod_proxy_hcheck.c(573): AH03251: Health check GET Status (0) for 6af328ba0.
[Thu Dec 13 17:58:41.999625 2018] [proxy:debug] [pid 21288:tid 760] proxy_util.c(3042): AH02824: HCOH: connection established with 127.0.0.1:80 (localhost)
[Thu Dec 13 17:58:41.999625 2018] [proxy:debug] [pid 21288:tid 744] proxy_util.c(2328): AH00943: HCOH: has released connection for (localhost)
[Thu Dec 13 17:58:41.999625 2018] [proxy:debug] [pid 21288:tid 764] proxy_util.c(2313): AH00942: HCOH: has acquired connection for (localhost)
[Thu Dec 13 17:58:41.999625 2018] [proxy_hcheck:debug] [pid 21288:tid 996] mod_proxy_hcheck.c(829): AH03256: Threaded Health checking http://localhost:8430
[Thu Dec 13 17:58:41.999625 2018] [proxy_hcheck:debug] [pid 21288:tid 756] mod_proxy_hcheck.c(644): AH03254: HTTP/1.1 404 Not Found
[Thu Dec 13 17:58:41.999625 2018] [proxy_hcheck:debug] [pid 21288:tid 744] mod_proxy_hcheck.c(573): AH03251: Health check GET Status (0) for 6af3284d0.
[Thu Dec 13 17:58:41.999625 2018] [proxy_hcheck:trace2] [pid 21288:tid 756] mod_proxy_hcheck.c(797): Condition ok1234 for 6af2f2458 (http://localhost:8889): passed
[Thu Dec 13 17:58:41.999625 2018] [proxy:debug] [pid 21288:tid 756] proxy_util.c(2328): AH00943: HCOH: has released connection for (localhost)
[Thu Dec 13 17:58:41.999625 2018] [proxy:debug] [pid 21288:tid 996] proxy_util.c(2313): AH00942: HCOH: has acquired connection for (localhost)
[Thu Dec 13 17:58:42.000624 2018] [proxy_hcheck:debug] [pid 21288:tid 756] mod_proxy_hcheck.c(573): AH03251: Health check GET Status (0) for 6af2f2458.